{"id":202,"date":"2016-05-08T11:10:03","date_gmt":"2016-05-08T11:10:03","guid":{"rendered":"http:\/\/www.gecubi.com\/vocacion\/?lang=en"},"modified":"2021-12-09T21:56:59","modified_gmt":"2021-12-09T21:56:59","slug":"vocation","status":"publish","type":"page","link":"https:\/\/www.gecubi.com\/en\/vocation\/","title":{"rendered":"Vocation"},"content":{"rendered":"<figure id=\"attachment_509\" aria-describedby=\"caption-attachment-509\" style=\"width: 1024px\" class=\"wp-caption aligncenter\"><img loading=\"lazy\" decoding=\"async\" class=\"size-full wp-image-509\" src=\"https:\/\/www.gecubi.com\/wp-content\/uploads\/2021\/12\/guillem-gecubi-02-1.jpg\" alt=\"\" width=\"1024\" height=\"683\" srcset=\"https:\/\/www.gecubi.com\/wp-content\/uploads\/2021\/12\/guillem-gecubi-02-1.jpg 1024w, https:\/\/www.gecubi.com\/wp-content\/uploads\/2021\/12\/guillem-gecubi-02-1-300x200.jpg 300w, https:\/\/www.gecubi.com\/wp-content\/uploads\/2021\/12\/guillem-gecubi-02-1-768x512.jpg 768w\" sizes=\"auto, (max-width: 1024px) 100vw, 1024px\" \/><figcaption id=\"caption-attachment-509\" class=\"wp-caption-text\">by Pep \u00c0vila<\/figcaption><\/figure>\n<p>Was born in Barcelona in 1976. At the age of 18 became an apprentice at the \u201cEscuela de Luther\u00eda de M\u00e1laga\u201d, where his passion grew stronger thanks to his master Jos\u00e9 \u00c1ngel Chac\u00f3n.<\/p>\n<p>At the age of 20 became a student of the cremonese school, achieving his degree as master luthier in 1999. Among his teachers he highlights M. Tadioli, G. C\u2019\u00e8, M. Negroni, E. Gorg and E. Slaviero.<\/p>\n<p>In 2002, after 6 years in Italy, settled down in Barcelona, in the Gr\u00e0cia neighbourhood, near Park G\u00fcell.<\/p>\n<div class=\"clear-line\" style=\"text-align: center;\"><\/div>\n<div class=\"clear-line\"><\/div>\n<div class=\"clear-line\"><\/div>\n<div class=\"clear-line\"><\/div>\n<div class=\"one-half first\">\n<h4><img loading=\"lazy\" decoding=\"async\" class=\"size-full wp-image-99 aligncenter\" src=\"https:\/\/www.gecubi.com\/wp-content\/uploads\/2016\/03\/vocacio-professional.jpg\" alt=\"vocacio professional\" width=\"450\" height=\"125\" srcset=\"https:\/\/www.gecubi.com\/wp-content\/uploads\/2016\/03\/vocacio-professional.jpg 450w, https:\/\/www.gecubi.com\/wp-content\/uploads\/2016\/03\/vocacio-professional-300x83.jpg 300w\" sizes=\"auto, (max-width: 450px) 100vw, 450px\" \/>Professional area<\/h4>\n<ul>\n<li>1994-1996 <strong>Violeria<\/strong> (Escuela de Luther\u00eda de M\u00e1laga) Master: Jos\u00e9 \u00c1ngel Chac\u00f3n<\/li>\n<li>1996-1999\u00a0<strong>Violin master<\/strong> (Istituto Professionale per l\u2019Artigianato Liutario e del Legno), Cremona.<br \/>\nMasters: Maurizio Tadioli, Giorgio C\u2019\u00e8, Massimo Negroni, Eduardo Gorg.<\/li>\n<li>2000-2002 <strong>Violist experience<\/strong>, Casa Parram\u00f3n, Barcelona, Xavier Vidal, S.L., Barcelona Frazier\u2019s Violin Studio, USA Denis Braun, USA<\/li>\n<li>2002 <strong>Gaud\u00ed violin<\/strong>, Museu de la M\u00fasica de Barcelona. Exposed at the Museu Dioces\u00e0 (\u201cGaud\u00ed i la seva obra\u201d feature)<\/li>\n<\/ul>\n<\/div>\n<div class=\"one-half\">\n<h4><img loading=\"lazy\" decoding=\"async\" class=\"aligncenter size-full wp-image-100\" src=\"https:\/\/www.gecubi.com\/wp-content\/uploads\/2016\/03\/vocacio-instrumental.jpg\" alt=\"vocacio-instrumental\" width=\"450\" height=\"125\" srcset=\"https:\/\/www.gecubi.com\/wp-content\/uploads\/2016\/03\/vocacio-instrumental.jpg 450w, https:\/\/www.gecubi.com\/wp-content\/uploads\/2016\/03\/vocacio-instrumental-300x83.jpg 300w\" sizes=\"auto, (max-width: 450px) 100vw, 450px\" \/>Instrumental Area<\/h4>\n<ul>\n<li>1989-1994 <strong>Violin and viola<\/strong>, Conservatori Municipal de la M\u00fasica de Barcelona.<\/li>\n<li>1994-1996 <strong>Violist<\/strong>, Orquesta Sinf\u00f3nica de M\u00e1laga. Director: Francisco G\u00e1lvez<\/li>\n<li>1998-1999 <strong>Violist<\/strong>, Ensemble Instrumentale della Schola Cantorum Cremonensis. Director: H\u00e9ctor Ra\u00fal Dom\u00ednguez<\/li>\n<li>1998-2000 <strong>Violist<\/strong>, Orchestra Claudio Monteverdi, Cremona. Director: Mario Vitale<\/li>\n<li>2000-2002 <strong>Viola<\/strong>, Conjunt del curs Musica da Camera (Scuola Civica Claudio Monteverdi, Cremona) Master: Wim Ja<span style=\"font-family: Arial,sans-serif;\"><span style=\"font-size: medium;\">nssen<\/span><\/span><\/li>\n<\/ul>\n<\/div>\n<div style=\"text-align: center;\"><iframe loading=\"lazy\" src=\"https:\/\/www.youtube.com\/embed\/It-NueDyBGA?rel=0&amp;showinfo=0\" width=\"853\" height=\"480\" frameborder=\"0\" allowfullscreen=\"allowfullscreen\"><\/iframe><\/div>\n","protected":false},"excerpt":{"rendered":"<p>Was born in Barcelona in 1976. At the age of 18 became an apprentice at the \u201cEscuela de Luther\u00eda de M\u00e1laga\u201d, where his passion grew stronger thanks to his master Jos\u00e9 \u00c1ngel Chac\u00f3n. At the age of 20 became a student of the cremonese school, achieving his degree as master luthier in 1999. Among his [&hellip;]<\/p>\n","protected":false},"author":1,"featured_media":217,"parent":0,"menu_order":0,"comment_status":"closed","ping_status":"closed","template":"","meta":{"_exactmetrics_skip_tracking":false,"_exactmetrics_sitenote_active":false,"_exactmetrics_sitenote_note":"","_exactmetrics_sitenote_category":0,"_genesis_hide_title":false,"_genesis_hide_breadcrumbs":false,"_genesis_hide_singular_image":false,"_genesis_hide_footer_widgets":false,"_genesis_custom_body_class":"","_genesis_custom_post_class":"","_genesis_layout":"full-width-content","footnotes":""},"class_list":{"0":"post-202","1":"page","2":"type-page","3":"status-publish","4":"has-post-thumbnail","6":"entry"},"yoast_head":"<!-- This site is optimized with the Yoast SEO plugin v25.1 - https:\/\/yoast.com\/wordpress\/plugins\/seo\/ -->\n<title>Vocation - Gecubi Luthier<\/title>\n<meta name=\"robots\" content=\"index, follow, max-snippet:-1, max-image-preview:large, max-video-preview:-1\" \/>\n<link rel=\"canonical\" href=\"https:\/\/www.gecubi.com\/en\/vocation\/\" \/>\n<meta property=\"og:locale\" content=\"en_US\" \/>\n<meta property=\"og:type\" content=\"article\" \/>\n<meta property=\"og:title\" content=\"Vocation - Gecubi Luthier\" \/>\n<meta property=\"og:description\" content=\"Was born in Barcelona in 1976. At the age of 18 became an apprentice at the \u201cEscuela de Luther\u00eda de M\u00e1laga\u201d, where his passion grew stronger thanks to his master Jos\u00e9 \u00c1ngel Chac\u00f3n. At the age of 20 became a student of the cremonese school, achieving his degree as master luthier in 1999. Among his [&hellip;]\" \/>\n<meta property=\"og:url\" content=\"https:\/\/www.gecubi.com\/en\/vocation\/\" \/>\n<meta property=\"og:site_name\" content=\"Gecubi Luthier\" \/>\n<meta property=\"article:modified_time\" content=\"2021-12-09T21:56:59+00:00\" \/>\n<meta property=\"og:image\" content=\"https:\/\/www.gecubi.com\/wp-content\/uploads\/2016\/03\/guillem-11.jpg\" \/>\n\t<meta property=\"og:image:width\" content=\"1500\" \/>\n\t<meta property=\"og:image:height\" content=\"994\" \/>\n\t<meta property=\"og:image:type\" content=\"image\/jpeg\" \/>\n<meta name=\"twitter:card\" content=\"summary_large_image\" \/>\n<meta name=\"twitter:label1\" content=\"Est. reading time\" \/>\n\t<meta name=\"twitter:data1\" content=\"2 minutes\" \/>\n<script type=\"application\/ld+json\" class=\"yoast-schema-graph\">{\"@context\":\"https:\/\/schema.org\",\"@graph\":[{\"@type\":\"WebPage\",\"@id\":\"https:\/\/www.gecubi.com\/en\/vocation\/\",\"url\":\"https:\/\/www.gecubi.com\/en\/vocation\/\",\"name\":\"Vocation - Gecubi Luthier\",\"isPartOf\":{\"@id\":\"https:\/\/www.gecubi.com\/#website\"},\"primaryImageOfPage\":{\"@id\":\"https:\/\/www.gecubi.com\/en\/vocation\/#primaryimage\"},\"image\":{\"@id\":\"https:\/\/www.gecubi.com\/en\/vocation\/#primaryimage\"},\"thumbnailUrl\":\"https:\/\/www.gecubi.com\/wp-content\/uploads\/2016\/03\/guillem-11.jpg\",\"datePublished\":\"2016-05-08T11:10:03+00:00\",\"dateModified\":\"2021-12-09T21:56:59+00:00\",\"breadcrumb\":{\"@id\":\"https:\/\/www.gecubi.com\/en\/vocation\/#breadcrumb\"},\"inLanguage\":\"en-US\",\"potentialAction\":[{\"@type\":\"ReadAction\",\"target\":[\"https:\/\/www.gecubi.com\/en\/vocation\/\"]}]},{\"@type\":\"ImageObject\",\"inLanguage\":\"en-US\",\"@id\":\"https:\/\/www.gecubi.com\/en\/vocation\/#primaryimage\",\"url\":\"https:\/\/www.gecubi.com\/wp-content\/uploads\/2016\/03\/guillem-11.jpg\",\"contentUrl\":\"https:\/\/www.gecubi.com\/wp-content\/uploads\/2016\/03\/guillem-11.jpg\",\"width\":1500,\"height\":994},{\"@type\":\"BreadcrumbList\",\"@id\":\"https:\/\/www.gecubi.com\/en\/vocation\/#breadcrumb\",\"itemListElement\":[{\"@type\":\"ListItem\",\"position\":1,\"name\":\"Inici\",\"item\":\"https:\/\/www.gecubi.com\/\"},{\"@type\":\"ListItem\",\"position\":2,\"name\":\"Vocation\"}]},{\"@type\":\"WebSite\",\"@id\":\"https:\/\/www.gecubi.com\/#website\",\"url\":\"https:\/\/www.gecubi.com\/\",\"name\":\"Gecubi Luthier\",\"description\":\"Luthiers Barcelona\",\"potentialAction\":[{\"@type\":\"SearchAction\",\"target\":{\"@type\":\"EntryPoint\",\"urlTemplate\":\"https:\/\/www.gecubi.com\/?s={search_term_string}\"},\"query-input\":{\"@type\":\"PropertyValueSpecification\",\"valueRequired\":true,\"valueName\":\"search_term_string\"}}],\"inLanguage\":\"en-US\"}]}<\/script>\n<!-- \/ Yoast SEO plugin. -->","yoast_head_json":{"title":"Vocation - Gecubi Luthier","robots":{"index":"index","follow":"follow","max-snippet":"max-snippet:-1","max-image-preview":"max-image-preview:large","max-video-preview":"max-video-preview:-1"},"canonical":"https:\/\/www.gecubi.com\/en\/vocation\/","og_locale":"en_US","og_type":"article","og_title":"Vocation - Gecubi Luthier","og_description":"Was born in Barcelona in 1976. At the age of 18 became an apprentice at the \u201cEscuela de Luther\u00eda de M\u00e1laga\u201d, where his passion grew stronger thanks to his master Jos\u00e9 \u00c1ngel Chac\u00f3n. At the age of 20 became a student of the cremonese school, achieving his degree as master luthier in 1999. Among his [&hellip;]","og_url":"https:\/\/www.gecubi.com\/en\/vocation\/","og_site_name":"Gecubi Luthier","article_modified_time":"2021-12-09T21:56:59+00:00","og_image":[{"width":1500,"height":994,"url":"https:\/\/www.gecubi.com\/wp-content\/uploads\/2016\/03\/guillem-11.jpg","type":"image\/jpeg"}],"twitter_card":"summary_large_image","twitter_misc":{"Est. reading time":"2 minutes"},"schema":{"@context":"https:\/\/schema.org","@graph":[{"@type":"WebPage","@id":"https:\/\/www.gecubi.com\/en\/vocation\/","url":"https:\/\/www.gecubi.com\/en\/vocation\/","name":"Vocation - Gecubi Luthier","isPartOf":{"@id":"https:\/\/www.gecubi.com\/#website"},"primaryImageOfPage":{"@id":"https:\/\/www.gecubi.com\/en\/vocation\/#primaryimage"},"image":{"@id":"https:\/\/www.gecubi.com\/en\/vocation\/#primaryimage"},"thumbnailUrl":"https:\/\/www.gecubi.com\/wp-content\/uploads\/2016\/03\/guillem-11.jpg","datePublished":"2016-05-08T11:10:03+00:00","dateModified":"2021-12-09T21:56:59+00:00","breadcrumb":{"@id":"https:\/\/www.gecubi.com\/en\/vocation\/#breadcrumb"},"inLanguage":"en-US","potentialAction":[{"@type":"ReadAction","target":["https:\/\/www.gecubi.com\/en\/vocation\/"]}]},{"@type":"ImageObject","inLanguage":"en-US","@id":"https:\/\/www.gecubi.com\/en\/vocation\/#primaryimage","url":"https:\/\/www.gecubi.com\/wp-content\/uploads\/2016\/03\/guillem-11.jpg","contentUrl":"https:\/\/www.gecubi.com\/wp-content\/uploads\/2016\/03\/guillem-11.jpg","width":1500,"height":994},{"@type":"BreadcrumbList","@id":"https:\/\/www.gecubi.com\/en\/vocation\/#breadcrumb","itemListElement":[{"@type":"ListItem","position":1,"name":"Inici","item":"https:\/\/www.gecubi.com\/"},{"@type":"ListItem","position":2,"name":"Vocation"}]},{"@type":"WebSite","@id":"https:\/\/www.gecubi.com\/#website","url":"https:\/\/www.gecubi.com\/","name":"Gecubi Luthier","description":"Luthiers Barcelona","potentialAction":[{"@type":"SearchAction","target":{"@type":"EntryPoint","urlTemplate":"https:\/\/www.gecubi.com\/?s={search_term_string}"},"query-input":{"@type":"PropertyValueSpecification","valueRequired":true,"valueName":"search_term_string"}}],"inLanguage":"en-US"}]}},"_links":{"self":[{"href":"https:\/\/www.gecubi.com\/en\/wp-json\/wp\/v2\/pages\/202","targetHints":{"allow":["GET"]}}],"collection":[{"href":"https:\/\/www.gecubi.com\/en\/wp-json\/wp\/v2\/pages"}],"about":[{"href":"https:\/\/www.gecubi.com\/en\/wp-json\/wp\/v2\/types\/page"}],"author":[{"embeddable":true,"href":"https:\/\/www.gecubi.com\/en\/wp-json\/wp\/v2\/users\/1"}],"replies":[{"embeddable":true,"href":"https:\/\/www.gecubi.com\/en\/wp-json\/wp\/v2\/comments?post=202"}],"version-history":[{"count":3,"href":"https:\/\/www.gecubi.com\/en\/wp-json\/wp\/v2\/pages\/202\/revisions"}],"predecessor-version":[{"id":511,"href":"https:\/\/www.gecubi.com\/en\/wp-json\/wp\/v2\/pages\/202\/revisions\/511"}],"wp:featuredmedia":[{"embeddable":true,"href":"https:\/\/www.gecubi.com\/en\/wp-json\/wp\/v2\/media\/217"}],"wp:attachment":[{"href":"https:\/\/www.gecubi.com\/en\/wp-json\/wp\/v2\/media?parent=202"}],"curies":[{"name":"wp","href":"https:\/\/api.w.org\/{rel}","templated":true}]}}

<figure id="attachment_509" aria-describedby="caption-attachment-509" style="width: 1024px" class="wp-caption aligncenter"><img loading="lazy" decoding="async" class="size-full wp-image-509" src="https://www.gecubi.com/wp-content/uploads/2021/12/guillem-gecubi-02-1.jpg" alt="" width="1024" height="683" srcset="https://www.gecubi.com/wp-content/uploads/2021/12/guillem-gecubi-02-1.jpg 1024w, https://www.gecubi.com/wp-content/uploads/2021/12/guillem-gecubi-02-1-300x200.jpg 300w, https://www.gecubi.com/wp-content/uploads/2021/12/guillem-gecubi-02-1-768x512.jpg 768w" sizes="auto, (max-width: 1024px) 100vw, 1024px" /><figcaption id="caption-attachment-509" class="wp-caption-text">by Pep Àvila</figcaption></figure>
<p>Was born in Barcelona in 1976. At the age of 18 became an apprentice at the “Escuela de Luthería de Málaga”, where his passion grew stronger thanks to his master José Ángel Chacón.</p>
<p>At the age of 20 became a student of the cremonese school, achieving his degree as master luthier in 1999. Among his teachers he highlights M. Tadioli, G. C’è, M. Negroni, E. Gorg and E. Slaviero.</p>
<p>In 2002, after 6 years in Italy, settled down in Barcelona, in the Gràcia neighbourhood, near Park Güell.</p>
<div class="clear-line" style="text-align: center;"></div>
<div class="clear-line"></div>
<div class="clear-line"></div>
<div class="clear-line"></div>
<div class="one-half first">
<h4><img loading="lazy" decoding="async" class="size-full wp-image-99 aligncenter" src="https://www.gecubi.com/wp-content/uploads/2016/03/vocacio-professional.jpg" alt="vocacio professional" width="450" height="125" srcset="https://www.gecubi.com/wp-content/uploads/2016/03/vocacio-professional.jpg 450w, https://www.gecubi.com/wp-content/uploads/2016/03/vocacio-professional-300x83.jpg 300w" sizes="auto, (max-width: 450px) 100vw, 450px" />Professional area</h4>
<ul>
<li>1994-1996 <strong>Violeria</strong> (Escuela de Luthería de Málaga) Master: José Ángel Chacón</li>
<li>1996-1999 <strong>Violin master</strong> (Istituto Professionale per l’Artigianato Liutario e del Legno), Cremona.<br />
Masters: Maurizio Tadioli, Giorgio C’è, Massimo Negroni, Eduardo Gorg.</li>
<li>2000-2002 <strong>Violist experience</strong>, Casa Parramón, Barcelona, Xavier Vidal, S.L., Barcelona Frazier’s Violin Studio, USA Denis Braun, USA</li>
<li>2002 <strong>Gaudí violin</strong>, Museu de la Música de Barcelona. Exposed at the Museu Diocesà (“Gaudí i la seva obra” feature)</li>
</ul>
</div>
<div class="one-half">
<h4><img loading="lazy" decoding="async" class="aligncenter size-full wp-image-100" src="https://www.gecubi.com/wp-content/uploads/2016/03/vocacio-instrumental.jpg" alt="vocacio-instrumental" width="450" height="125" srcset="https://www.gecubi.com/wp-content/uploads/2016/03/vocacio-instrumental.jpg 450w, https://www.gecubi.com/wp-content/uploads/2016/03/vocacio-instrumental-300x83.jpg 300w" sizes="auto, (max-width: 450px) 100vw, 450px" />Instrumental Area</h4>
<ul>
<li>1989-1994 <strong>Violin and viola</strong>, Conservatori Municipal de la Música de Barcelona.</li>
<li>1994-1996 <strong>Violist</strong>, Orquesta Sinfónica de Málaga. Director: Francisco Gálvez</li>
<li>1998-1999 <strong>Violist</strong>, Ensemble Instrumentale della Schola Cantorum Cremonensis. Director: Héctor Raúl Domínguez</li>
<li>1998-2000 <strong>Violist</strong>, Orchestra Claudio Monteverdi, Cremona. Director: Mario Vitale</li>
<li>2000-2002 <strong>Viola</strong>, Conjunt del curs Musica da Camera (Scuola Civica Claudio Monteverdi, Cremona) Master: Wim Ja<span style="font-family: Arial,sans-serif;"><span style="font-size: medium;">nssen</span></span></li>
</ul>
</div>
<div style="text-align: center;"><iframe loading="lazy" src="https://www.youtube.com/embed/It-NueDyBGA?rel=0&amp;showinfo=0" width="853" height="480" frameborder="0" allowfullscreen="allowfullscreen"></iframe></div>

<p>Was born in Barcelona in 1976. At the age of 18 became an apprentice at the “Escuela de Luthería de Málaga”, where his passion grew stronger thanks to his master José Ángel Chacón. At the age of 20 became a student of the cremonese school, achieving his degree as master luthier in 1999. Among his [&hellip;]</p>

<!-- This site is optimized with the Yoast SEO plugin v25.1 - https://yoast.com/wordpress/plugins/seo/ -->
<title>Vocation - Gecubi Luthier</title>
<meta name="robots" content="index, follow, max-snippet:-1, max-image-preview:large, max-video-preview:-1" />
<link rel="canonical" href="https://www.gecubi.com/en/vocation/" />
<meta property="og:locale" content="en_US" />
<meta property="og:type" content="article" />
<meta property="og:title" content="Vocation - Gecubi Luthier" />
<meta property="og:description" content="Was born in Barcelona in 1976. At the age of 18 became an apprentice at the “Escuela de Luthería de Málaga”, where his passion grew stronger thanks to his master José Ángel Chacón. At the age of 20 became a student of the cremonese school, achieving his degree as master luthier in 1999. Among his [&hellip;]" />
<meta property="og:url" content="https://www.gecubi.com/en/vocation/" />
<meta property="og:site_name" content="Gecubi Luthier" />
<meta property="article:modified_time" content="2021-12-09T21:56:59+00:00" />
<meta property="og:image" content="https://www.gecubi.com/wp-content/uploads/2016/03/guillem-11.jpg" />
	<meta property="og:image:width" content="1500" />
	<meta property="og:image:height" content="994" />
	<meta property="og:image:type" content="image/jpeg" />
<meta name="twitter:card" content="summary_large_image" />
<meta name="twitter:label1" content="Est. reading time" />
	<meta name="twitter:data1" content="2 minutes" />
<script type="application/ld+json" class="yoast-schema-graph">{"@context":"https://schema.org","@graph":[{"@type":"WebPage","@id":"https://www.gecubi.com/en/vocation/","url":"https://www.gecubi.com/en/vocation/","name":"Vocation - Gecubi Luthier","isPartOf":{"@id":"https://www.gecubi.com/#website"},"primaryImageOfPage":{"@id":"https://www.gecubi.com/en/vocation/#primaryimage"},"image":{"@id":"https://www.gecubi.com/en/vocation/#primaryimage"},"thumbnailUrl":"https://www.gecubi.com/wp-content/uploads/2016/03/guillem-11.jpg","datePublished":"2016-05-08T11:10:03+00:00","dateModified":"2021-12-09T21:56:59+00:00","breadcrumb":{"@id":"https://www.gecubi.com/en/vocation/#breadcrumb"},"inLanguage":"en-US","potentialAction":[{"@type":"ReadAction","target":["https://www.gecubi.com/en/vocation/"]}]},{"@type":"ImageObject","inLanguage":"en-US","@id":"https://www.gecubi.com/en/vocation/#primaryimage","url":"https://www.gecubi.com/wp-content/uploads/2016/03/guillem-11.jpg","contentUrl":"https://www.gecubi.com/wp-content/uploads/2016/03/guillem-11.jpg","width":1500,"height":994},{"@type":"BreadcrumbList","@id":"https://www.gecubi.com/en/vocation/#breadcrumb","itemListElement":[{"@type":"ListItem","position":1,"name":"Inici","item":"https://www.gecubi.com/"},{"@type":"ListItem","position":2,"name":"Vocation"}]},{"@type":"WebSite","@id":"https://www.gecubi.com/#website","url":"https://www.gecubi.com/","name":"Gecubi Luthier","description":"Luthiers Barcelona","potentialAction":[{"@type":"SearchAction","target":{"@type":"EntryPoint","urlTemplate":"https://www.gecubi.com/?s={search_term_string}"},"query-input":{"@type":"PropertyValueSpecification","valueRequired":true,"valueName":"search_term_string"}}],"inLanguage":"en-US"}]}</script>
<!-- / Yoast SEO plugin. -->

Was born in Barcelona in 1976. At the age of 18 became an apprentice at the “Escuela de Luthería de Málaga”, where his passion grew stronger thanks to his master José Ángel Chacón. At the age of 20 became a student of the cremonese school, achieving his degree as master luthier in 1999. Among his [&hellip;]
